Last updated on 2022-04-24 03:52:37 CEST.
Flavor | Version | Tinstall | Tcheck | Ttotal | Status | Flags |
---|---|---|---|---|---|---|
r-devel-linux-x86_64-debian-clang | 1.0.3 | 8.88 | 79.25 | 88.13 | NOTE | |
r-devel-linux-x86_64-debian-gcc | 1.0.3 | 6.61 | 58.41 | 65.02 | NOTE | |
r-devel-linux-x86_64-fedora-clang | 1.0.3 | 102.25 | NOTE | |||
r-devel-linux-x86_64-fedora-gcc | 1.0.3 | 89.33 | NOTE | |||
r-patched-linux-x86_64 | 1.0.3 | 7.10 | 73.59 | 80.69 | NOTE | |
r-release-linux-x86_64 | 1.0.3 | 4.82 | 69.56 | 74.38 | NOTE | |
r-release-macos-arm64 | 1.0.3 | NOTE | ||||
r-release-macos-x86_64 | 1.0.3 | NOTE | ||||
r-release-windows-x86_64 | 1.0.3 | 32.00 | 94.00 | 126.00 | NOTE | |
r-oldrel-macos-arm64 | 1.0.3 | NOTE | ||||
r-oldrel-macos-x86_64 | 1.0.3 | NOTE | ||||
r-oldrel-windows-ix86+x86_64 | 1.0.3 | 18.00 | 92.00 | 110.00 | NOTE |
Version: 1.0.3
Check: LazyData
Result: NOTE
'LazyData' is specified without a 'data' directory
Flavors: r-devel-linux-x86_64-debian-clang, r-devel-linux-x86_64-debian-gcc, r-devel-linux-x86_64-fedora-clang, r-devel-linux-x86_64-fedora-gcc, r-patched-linux-x86_64, r-release-linux-x86_64, r-release-macos-arm64, r-release-macos-x86_64, r-release-windows-x86_64, r-oldrel-macos-arm64, r-oldrel-macos-x86_64, r-oldrel-windows-ix86+x86_64