Last updated on 2022-04-24 03:52:37 CEST.
Flavor | Version | Tinstall | Tcheck | Ttotal | Status | Flags |
---|---|---|---|---|---|---|
r-devel-linux-x86_64-debian-clang | 0.3.9 | 14.12 | 131.55 | 145.67 | OK | |
r-devel-linux-x86_64-debian-gcc | 0.3.9 | 13.23 | 96.14 | 109.37 | OK | |
r-devel-linux-x86_64-fedora-clang | 0.3.9 | 200.55 | NOTE | |||
r-devel-linux-x86_64-fedora-gcc | 0.3.9 | 156.37 | NOTE | |||
r-patched-linux-x86_64 | 0.3.9 | 25.10 | 122.71 | 147.81 | OK | |
r-release-linux-x86_64 | 0.3.9 | 12.99 | 116.88 | 129.87 | OK | |
r-release-macos-arm64 | 0.3.9 | NOTE | ||||
r-release-macos-x86_64 | 0.3.9 | NOTE | ||||
r-release-windows-x86_64 | 0.3.9 | 41.00 | 146.00 | 187.00 | OK | |
r-oldrel-macos-arm64 | 0.3.9 | NOTE | ||||
r-oldrel-macos-x86_64 | 0.3.9 | NOTE | ||||
r-oldrel-windows-ix86+x86_64 | 0.3.9 | 30.00 | 137.00 | 167.00 | OK |
Version: 0.3.9
Check: dependencies in R code
Result: NOTE
Namespaces in Imports field not imported from:
‘diptest’ ‘methods’ ‘viridis’
All declared Imports should be used.
Flavors: r-devel-linux-x86_64-fedora-clang, r-devel-linux-x86_64-fedora-gcc, r-release-macos-arm64, r-release-macos-x86_64, r-oldrel-macos-arm64, r-oldrel-macos-x86_64