Last updated on 2022-04-24 03:52:37 CEST.
Flavor | Version | Tinstall | Tcheck | Ttotal | Status | Flags |
---|---|---|---|---|---|---|
r-devel-linux-x86_64-debian-clang | 1.1.3 | 32.54 | 45.45 | 77.99 | WARN | |
r-devel-linux-x86_64-debian-gcc | 1.1.3 | 21.18 | 34.23 | 55.41 | OK | |
r-devel-linux-x86_64-fedora-clang | 1.1.3 | 99.45 | WARN | |||
r-devel-linux-x86_64-fedora-gcc | 1.1.3 | 80.84 | OK | |||
r-patched-linux-x86_64 | 1.1.3 | 22.49 | 43.18 | 65.67 | OK | |
r-release-linux-x86_64 | 1.1.3 | 24.94 | 42.35 | 67.29 | OK | |
r-release-macos-arm64 | 1.1.3 | OK | ||||
r-release-macos-x86_64 | 1.1.3 | OK | ||||
r-release-windows-x86_64 | 1.1.3 | 40.00 | 85.00 | 125.00 | OK | |
r-oldrel-macos-arm64 | 1.1.3 | OK | ||||
r-oldrel-macos-x86_64 | 1.1.3 | OK | ||||
r-oldrel-windows-ix86+x86_64 | 1.1.3 | 69.00 | 81.00 | 150.00 | OK |
Version: 1.1.3
Check: whether package can be installed
Result: WARN
Found the following significant warnings:
vMF.cpp:35:9: warning: use of bitwise '&' with boolean operands [-Wbitwise-instead-of-logical]
Flavors: r-devel-linux-x86_64-debian-clang, r-devel-linux-x86_64-fedora-clang