Last updated on 2022-04-24 03:52:37 CEST.
Flavor | Version | Tinstall | Tcheck | Ttotal | Status | Flags |
---|---|---|---|---|---|---|
r-devel-linux-x86_64-debian-clang | 1.6.3 | 121.55 | 118.89 | 240.44 | OK | |
r-devel-linux-x86_64-debian-gcc | 1.6.3 | 96.80 | 86.95 | 183.75 | OK | |
r-devel-linux-x86_64-fedora-clang | 1.6.3 | 334.97 | NOTE | |||
r-devel-linux-x86_64-fedora-gcc | 1.6.3 | 301.79 | OK | |||
r-patched-linux-x86_64 | 1.6.3 | 104.06 | 110.88 | 214.94 | OK | |
r-release-linux-x86_64 | 1.6.3 | 106.62 | 107.50 | 214.12 | OK | |
r-release-macos-arm64 | 1.6.3 | NOTE | ||||
r-release-macos-x86_64 | 1.6.3 | NOTE | ||||
r-release-windows-x86_64 | 1.6.3 | 156.00 | 216.00 | 372.00 | NOTE | |
r-oldrel-macos-arm64 | 1.6.3 | NOTE | ||||
r-oldrel-macos-x86_64 | 1.6.3 | NOTE | ||||
r-oldrel-windows-ix86+x86_64 | 1.6.3 | 296.00 | 194.00 | 490.00 | NOTE |
Version: 1.6.3
Check: installed package size
Result: NOTE
installed size is 8.5Mb
sub-directories of 1Mb or more:
R 1.1Mb
data 2.7Mb
libs 4.0Mb
Flavors: r-devel-linux-x86_64-fedora-clang, r-release-macos-arm64, r-release-macos-x86_64, r-release-windows-x86_64, r-oldrel-macos-arm64, r-oldrel-macos-x86_64, r-oldrel-windows-ix86+x86_64