Last updated on 2022-04-24 03:52:37 CEST.
Flavor | Version | Tinstall | Tcheck | Ttotal | Status | Flags |
---|---|---|---|---|---|---|
r-devel-linux-x86_64-debian-clang | 3.2.3 | 153.33 | 621.28 | 774.61 | OK | |
r-devel-linux-x86_64-debian-gcc | 3.2.3 | 118.33 | 442.26 | 560.59 | OK | |
r-devel-linux-x86_64-fedora-clang | 3.2.3 | 941.27 | NOTE | |||
r-devel-linux-x86_64-fedora-gcc | 3.2.3 | 899.72 | OK | |||
r-patched-linux-x86_64 | 3.2.3 | 131.54 | 592.80 | 724.34 | OK | |
r-release-linux-x86_64 | 3.2.3 | 136.13 | 573.13 | 709.26 | OK | |
r-release-macos-arm64 | 3.2.3 | NOTE | ||||
r-release-macos-x86_64 | 3.2.3 | NOTE | ||||
r-release-windows-x86_64 | 3.2.3 | 374.00 | 628.00 | 1002.00 | NOTE | |
r-oldrel-macos-arm64 | 3.2.3 | NOTE | ||||
r-oldrel-macos-x86_64 | 3.2.3 | NOTE | ||||
r-oldrel-windows-ix86+x86_64 | 3.2.3 | 282.00 | 1014.00 | 1296.00 | NOTE |
Version: 3.2.3
Check: installed package size
Result: NOTE
installed size is 8.9Mb
sub-directories of 1Mb or more:
R 4.1Mb
libs 3.8Mb
Flavors: r-devel-linux-x86_64-fedora-clang, r-release-macos-arm64, r-release-macos-x86_64, r-release-windows-x86_64, r-oldrel-macos-arm64, r-oldrel-macos-x86_64, r-oldrel-windows-ix86+x86_64