Last updated on 2022-04-24 03:52:37 CEST.
Flavor | Version | Tinstall | Tcheck | Ttotal | Status | Flags |
---|---|---|---|---|---|---|
r-devel-linux-x86_64-debian-clang | 0.1.2 | 23.97 | 38.24 | 62.21 | NOTE | |
r-devel-linux-x86_64-debian-gcc | 0.1.2 | 18.72 | 29.85 | 48.57 | NOTE | |
r-devel-linux-x86_64-fedora-clang | 0.1.2 | 88.53 | NOTE | |||
r-devel-linux-x86_64-fedora-gcc | 0.1.2 | 69.10 | NOTE | |||
r-patched-linux-x86_64 | 0.1.2 | 20.37 | 36.63 | 57.00 | NOTE | |
r-release-linux-x86_64 | 0.1.2 | 19.55 | 35.37 | 54.92 | NOTE | |
r-release-macos-arm64 | 0.1.2 | NOTE | ||||
r-release-macos-x86_64 | 0.1.2 | NOTE | ||||
r-release-windows-x86_64 | 0.1.2 | 33.00 | 79.00 | 112.00 | NOTE | |
r-oldrel-macos-arm64 | 0.1.2 | NOTE | ||||
r-oldrel-macos-x86_64 | 0.1.2 | NOTE | ||||
r-oldrel-windows-ix86+x86_64 | 0.1.2 | 60.00 | 70.00 | 130.00 | NOTE |
Version: 0.1.2
Check: LazyData
Result: NOTE
'LazyData' is specified without a 'data' directory
Flavors: r-devel-linux-x86_64-debian-clang, r-devel-linux-x86_64-debian-gcc, r-devel-linux-x86_64-fedora-clang, r-devel-linux-x86_64-fedora-gcc, r-patched-linux-x86_64, r-release-linux-x86_64, r-release-macos-arm64, r-release-macos-x86_64, r-release-windows-x86_64, r-oldrel-macos-arm64, r-oldrel-macos-x86_64, r-oldrel-windows-ix86+x86_64