Last updated on 2022-04-24 03:52:37 CEST.
Flavor | Version | Tinstall | Tcheck | Ttotal | Status | Flags |
---|---|---|---|---|---|---|
r-devel-linux-x86_64-debian-clang | 1.0-1 | 2.10 | 53.16 | 55.26 | NOTE | |
r-devel-linux-x86_64-debian-gcc | 1.0-1 | 1.63 | 39.07 | 40.70 | NOTE | |
r-devel-linux-x86_64-fedora-clang | 1.0-1 | 65.84 | NOTE | |||
r-devel-linux-x86_64-fedora-gcc | 1.0-1 | 54.73 | NOTE | |||
r-patched-linux-x86_64 | 1.0-1 | 2.44 | 50.96 | 53.40 | NOTE | |
r-release-linux-x86_64 | 1.0-1 | 2.02 | 49.30 | 51.32 | NOTE | |
r-release-macos-arm64 | 1.0-1 | NOTE | ||||
r-release-macos-x86_64 | 1.0-1 | NOTE | ||||
r-release-windows-x86_64 | 1.0-1 | 17.00 | 66.00 | 83.00 | NOTE | |
r-oldrel-macos-arm64 | 1.0-1 | NOTE | ||||
r-oldrel-macos-x86_64 | 1.0-1 | NOTE | ||||
r-oldrel-windows-ix86+x86_64 | 1.0-1 | 5.00 | 59.00 | 64.00 | NOTE |
Version: 1.0-1
Check: R code for possible problems
Result: NOTE
evalMedian: no visible global function definition for 'xtabs'
evalMode: no visible global function definition for 'xtabs'
rpartScore: no visible global function definition for 'model.extract'
rpartScore: no visible global function definition for 'var'
rpartScore: no visible binding for global variable 'var'
splitAbs: no visible global function definition for 'xtabs'
Undefined global functions or variables:
model.extract var xtabs
Consider adding
importFrom("stats", "model.extract", "var", "xtabs")
to your NAMESPACE file.
Flavors: r-devel-linux-x86_64-debian-clang, r-devel-linux-x86_64-debian-gcc, r-devel-linux-x86_64-fedora-clang, r-devel-linux-x86_64-fedora-gcc, r-patched-linux-x86_64, r-release-linux-x86_64, r-release-macos-arm64, r-release-macos-x86_64, r-release-windows-x86_64, r-oldrel-macos-arm64, r-oldrel-macos-x86_64, r-oldrel-windows-ix86+x86_64