Last updated on 2022-04-24 03:52:37 CEST.
Flavor | Version | Tinstall | Tcheck | Ttotal | Status | Flags |
---|---|---|---|---|---|---|
r-devel-linux-x86_64-debian-clang | 0.2.3 | 2.03 | 30.53 | 32.56 | OK | |
r-devel-linux-x86_64-debian-gcc | 0.2.3 | 1.37 | 23.37 | 24.74 | OK | |
r-devel-linux-x86_64-fedora-clang | 0.2.3 | 39.51 | OK | |||
r-devel-linux-x86_64-fedora-gcc | 0.2.3 | 27.93 | OK | |||
r-patched-linux-x86_64 | 0.2.3 | 1.01 | 11.39 | 12.40 | ERROR | |
r-release-linux-x86_64 | 0.2.3 | 1.64 | 28.94 | 30.58 | OK | |
r-release-macos-arm64 | 0.2.3 | OK | ||||
r-release-macos-x86_64 | 0.2.3 | OK | ||||
r-release-windows-x86_64 | 0.2.3 | 8.00 | 47.00 | 55.00 | OK | |
r-oldrel-macos-arm64 | 0.2.3 | OK | ||||
r-oldrel-macos-x86_64 | 0.2.3 | OK | ||||
r-oldrel-windows-ix86+x86_64 | 0.2.3 | 4.00 | 29.00 | 33.00 | OK |
Version: 0.2.3
Check: whether package can be installed
Result: ERROR
Installation failed.
Flavor: r-patched-linux-x86_64