Last updated on 2022-04-24 03:52:37 CEST.
Flavor | Version | Tinstall | Tcheck | Ttotal | Status | Flags |
---|---|---|---|---|---|---|
r-devel-linux-x86_64-debian-clang | 0.3.1 | 2.80 | 42.52 | 45.32 | OK | |
r-devel-linux-x86_64-debian-gcc | 0.3.1 | 2.09 | 32.97 | 35.06 | OK | |
r-devel-linux-x86_64-fedora-clang | 0.3.1 | 55.34 | NOTE | |||
r-devel-linux-x86_64-fedora-gcc | 0.3.1 | 42.60 | OK | |||
r-patched-linux-x86_64 | 0.3.1 | 2.88 | 41.34 | 44.22 | OK | |
r-release-linux-x86_64 | 0.3.1 | 2.39 | 38.93 | 41.32 | OK | |
r-release-macos-arm64 | 0.3.1 | OK | ||||
r-release-macos-x86_64 | 0.3.1 | OK | ||||
r-release-windows-x86_64 | 0.3.1 | 18.00 | 59.00 | 77.00 | OK | |
r-oldrel-macos-arm64 | 0.3.1 | OK | ||||
r-oldrel-macos-x86_64 | 0.3.1 | OK | ||||
r-oldrel-windows-ix86+x86_64 | 0.3.1 | 6.00 | 47.00 | 53.00 | OK |
Version: 0.3.1
Check: Rd cross-references
Result: NOTE
Undeclared package ‘rsoi’ in Rd xrefs
Flavor: r-devel-linux-x86_64-fedora-clang