Last updated on 2022-04-24 03:52:37 CEST.
Flavor | Version | Tinstall | Tcheck | Ttotal | Status | Flags |
---|---|---|---|---|---|---|
r-devel-linux-x86_64-debian-clang | 1.4.3 | 32.35 | 275.20 | 307.55 | NOTE | |
r-devel-linux-x86_64-debian-gcc | 1.4.3 | 26.66 | 199.31 | 225.97 | NOTE | |
r-devel-linux-x86_64-fedora-clang | 1.4.3 | 351.09 | NOTE | |||
r-devel-linux-x86_64-fedora-gcc | 1.4.3 | 339.48 | NOTE | |||
r-patched-linux-x86_64 | 1.4.3 | 30.51 | 261.59 | 292.10 | NOTE | |
r-release-linux-x86_64 | 1.4.3 | 27.72 | 235.57 | 263.29 | NOTE | |
r-release-macos-arm64 | 1.4.3 | NOTE | ||||
r-release-macos-x86_64 | 1.4.3 | NOTE | ||||
r-release-windows-x86_64 | 1.4.3 | 48.00 | 257.00 | 305.00 | NOTE | |
r-oldrel-macos-arm64 | 1.4.3 | NOTE | ||||
r-oldrel-macos-x86_64 | 1.4.3 | NOTE | ||||
r-oldrel-windows-ix86+x86_64 | 1.4.3 | 63.00 | 254.00 | 317.00 | NOTE |
Version: 1.4.3
Check: LazyData
Result: NOTE
'LazyData' is specified without a 'data' directory
Flavors: r-devel-linux-x86_64-debian-clang, r-devel-linux-x86_64-debian-gcc, r-devel-linux-x86_64-fedora-clang, r-devel-linux-x86_64-fedora-gcc, r-patched-linux-x86_64, r-release-linux-x86_64, r-release-macos-arm64, r-release-macos-x86_64, r-release-windows-x86_64, r-oldrel-macos-arm64, r-oldrel-macos-x86_64, r-oldrel-windows-ix86+x86_64