Last updated on 2022-04-24 03:52:37 CEST.
Flavor | Version | Tinstall | Tcheck | Ttotal | Status | Flags |
---|---|---|---|---|---|---|
r-devel-linux-x86_64-debian-clang | 0.0.2 | 4.22 | 78.99 | 83.21 | NOTE | |
r-devel-linux-x86_64-debian-gcc | 0.0.2 | 3.35 | 60.11 | 63.46 | NOTE | |
r-devel-linux-x86_64-fedora-clang | 0.0.2 | 97.77 | NOTE | |||
r-devel-linux-x86_64-fedora-gcc | 0.0.2 | 85.42 | NOTE | |||
r-patched-linux-x86_64 | 0.0.2 | 7.72 | 75.86 | 83.58 | NOTE | |
r-release-linux-x86_64 | 0.0.2 | 4.26 | 72.18 | 76.44 | NOTE | |
r-release-macos-arm64 | 0.0.2 | NOTE | ||||
r-release-macos-x86_64 | 0.0.2 | WARN | ||||
r-release-windows-x86_64 | 0.0.2 | 33.00 | 107.00 | 140.00 | NOTE | |
r-oldrel-macos-arm64 | 0.0.2 | NOTE | ||||
r-oldrel-macos-x86_64 | 0.0.2 | WARN | ||||
r-oldrel-windows-ix86+x86_64 | 0.0.2 | 10.00 | 97.00 | 107.00 | NOTE |
Version: 0.0.2
Check: LazyData
Result: NOTE
'LazyData' is specified without a 'data' directory
Flavors: r-devel-linux-x86_64-debian-clang, r-devel-linux-x86_64-debian-gcc, r-devel-linux-x86_64-fedora-clang, r-devel-linux-x86_64-fedora-gcc, r-patched-linux-x86_64, r-release-linux-x86_64, r-release-macos-arm64, r-release-macos-x86_64, r-release-windows-x86_64, r-oldrel-macos-arm64, r-oldrel-macos-x86_64, r-oldrel-windows-ix86+x86_64
Version: 0.0.2
Check: Rd cross-references
Result: NOTE
Undeclared package ‘htmlwidgets’ in Rd xrefs
Flavor: r-devel-linux-x86_64-fedora-clang
Version: 0.0.2
Check: re-building of vignette outputs
Result: WARN
Error(s) in re-building vignettes:
...
--- re-building ‘rpredictit-vignette.Rmd’ using rmarkdown
Warning in engine$weave(file, quiet = quiet, encoding = enc) :
Pandoc (>= 1.12.3) not available. Falling back to R Markdown v1.
Quitting from lines 54-56 (rpredictit-vignette.Rmd)
Error: processing vignette 'rpredictit-vignette.Rmd' failed with diagnostics:
invalid 'path' argument
--- failed re-building ‘rpredictit-vignette.Rmd’
SUMMARY: processing the following file failed:
‘rpredictit-vignette.Rmd’
Error: Vignette re-building failed.
Execution halted
Flavors: r-release-macos-x86_64, r-oldrel-macos-x86_64