Last updated on 2022-04-24 03:52:37 CEST.
Flavor | Version | Tinstall | Tcheck | Ttotal | Status | Flags |
---|---|---|---|---|---|---|
r-devel-linux-x86_64-debian-clang | 0.9.22 | 4.56 | 186.22 | 190.78 | OK | |
r-devel-linux-x86_64-debian-gcc | 0.9.22 | 3.61 | 135.40 | 139.01 | OK | |
r-devel-linux-x86_64-fedora-clang | 0.9.22 | 218.92 | NOTE | |||
r-devel-linux-x86_64-fedora-gcc | 0.9.22 | 213.37 | NOTE | |||
r-patched-linux-x86_64 | 0.9.22 | 9.77 | 182.54 | 192.31 | OK | |
r-release-linux-x86_64 | 0.9.22 | 3.53 | 175.08 | 178.61 | OK | |
r-release-macos-arm64 | 0.9.22 | NOTE | ||||
r-release-macos-x86_64 | 0.9.22 | NOTE | ||||
r-release-windows-x86_64 | 0.9.22 | 14.00 | 217.00 | 231.00 | OK | |
r-oldrel-macos-arm64 | 0.9.22 | NOTE | ||||
r-oldrel-macos-x86_64 | 0.9.22 | NOTE | ||||
r-oldrel-windows-ix86+x86_64 | 0.9.22 | 9.00 | 226.00 | 235.00 | OK |
Version: 0.9.22
Check: dependencies in R code
Result: NOTE
Namespace in Imports field not imported from: ‘methods’
All declared Imports should be used.
Flavors: r-devel-linux-x86_64-fedora-clang, r-devel-linux-x86_64-fedora-gcc, r-release-macos-arm64, r-release-macos-x86_64, r-oldrel-macos-arm64, r-oldrel-macos-x86_64