Last updated on 2022-04-24 03:52:37 CEST.
Flavor | Version | Tinstall | Tcheck | Ttotal | Status | Flags |
---|---|---|---|---|---|---|
r-devel-linux-x86_64-debian-clang | 1.4 | 14.61 | 120.57 | 135.18 | OK | |
r-devel-linux-x86_64-debian-gcc | 1.4 | 11.36 | 90.51 | 101.87 | OK | |
r-devel-linux-x86_64-fedora-clang | 1.4 | 162.90 | NOTE | |||
r-devel-linux-x86_64-fedora-gcc | 1.4 | 150.33 | NOTE | |||
r-patched-linux-x86_64 | 1.4 | 15.73 | 117.41 | 133.14 | OK | |
r-release-linux-x86_64 | 1.4 | 12.03 | 111.69 | 123.72 | OK | |
r-release-macos-arm64 | 1.4 | OK | ||||
r-release-macos-x86_64 | 1.4 | OK | ||||
r-release-windows-x86_64 | 1.4 | 24.00 | 146.00 | 170.00 | OK | |
r-oldrel-macos-arm64 | 1.4 | OK | ||||
r-oldrel-macos-x86_64 | 1.4 | OK | ||||
r-oldrel-windows-ix86+x86_64 | 1.4 | 31.00 | 206.00 | 237.00 | OK |
Version: 1.4
Check: compiled code
Result: NOTE
File ‘rr/libs/rr.so’:
Found no calls to: ‘R_registerRoutines’, ‘R_useDynamicSymbols’
It is good practice to register native routines and to disable symbol
search.
See ‘Writing portable packages’ in the ‘Writing R Extensions’ manual.
Flavors: r-devel-linux-x86_64-fedora-clang, r-devel-linux-x86_64-fedora-gcc