Last updated on 2022-04-24 03:52:37 CEST.
Flavor | Version | Tinstall | Tcheck | Ttotal | Status | Flags |
---|---|---|---|---|---|---|
r-devel-linux-x86_64-debian-clang | 0.2.4 | 7.39 | 50.11 | 57.50 | OK | |
r-devel-linux-x86_64-debian-gcc | 0.2.4 | 4.67 | 37.97 | 42.64 | OK | |
r-devel-linux-x86_64-fedora-clang | 0.2.4 | 67.96 | NOTE | |||
r-devel-linux-x86_64-fedora-gcc | 0.2.4 | 55.08 | OK | |||
r-patched-linux-x86_64 | 0.2.4 | 5.99 | 46.69 | 52.68 | OK | |
r-release-linux-x86_64 | 0.2.4 | 5.99 | 45.29 | 51.28 | OK | |
r-release-macos-arm64 | 0.2.4 | NOTE | ||||
r-release-macos-x86_64 | 0.2.4 | NOTE | ||||
r-oldrel-macos-arm64 | 0.2.4 | NOTE | ||||
r-oldrel-macos-x86_64 | 0.2.4 | NOTE |
Version: 0.2.4
Check: installed package size
Result: NOTE
installed size is 13.1Mb
sub-directories of 1Mb or more:
extdata 12.8Mb
Flavors: r-devel-linux-x86_64-fedora-clang, r-release-macos-arm64, r-release-macos-x86_64, r-oldrel-macos-arm64, r-oldrel-macos-x86_64