Last updated on 2022-04-24 03:52:37 CEST.
Flavor | Version | Tinstall | Tcheck | Ttotal | Status | Flags |
---|---|---|---|---|---|---|
r-devel-linux-x86_64-debian-clang | 0.0.5 | 2.26 | 52.08 | 54.34 | NOTE | |
r-devel-linux-x86_64-debian-gcc | 0.0.5 | 1.42 | 39.50 | 40.92 | NOTE | |
r-devel-linux-x86_64-fedora-clang | 0.0.5 | 65.70 | NOTE | |||
r-devel-linux-x86_64-fedora-gcc | 0.0.5 | 52.78 | NOTE | |||
r-patched-linux-x86_64 | 0.0.5 | 2.08 | 50.95 | 53.03 | NOTE | |
r-release-linux-x86_64 | 0.0.5 | 2.02 | 31.86 | 33.88 | NOTE | |
r-release-macos-arm64 | 0.0.5 | NOTE | ||||
r-release-macos-x86_64 | 0.0.5 | NOTE | ||||
r-release-windows-x86_64 | 0.0.5 | 11.00 | 82.00 | 93.00 | NOTE | |
r-oldrel-macos-arm64 | 0.0.5 | NOTE | ||||
r-oldrel-macos-x86_64 | 0.0.5 | NOTE | ||||
r-oldrel-windows-ix86+x86_64 | 0.0.5 | 7.00 | 42.00 | 49.00 | NOTE |
Version: 0.0.5
Check: LazyData
Result: NOTE
'LazyData' is specified without a 'data' directory
Flavors: r-devel-linux-x86_64-debian-clang, r-devel-linux-x86_64-debian-gcc, r-devel-linux-x86_64-fedora-clang, r-devel-linux-x86_64-fedora-gcc, r-patched-linux-x86_64, r-release-linux-x86_64, r-release-macos-arm64, r-release-macos-x86_64, r-release-windows-x86_64, r-oldrel-macos-arm64, r-oldrel-macos-x86_64, r-oldrel-windows-ix86+x86_64