Last updated on 2022-04-24 03:52:37 CEST.
Flavor | Version | Tinstall | Tcheck | Ttotal | Status | Flags |
---|---|---|---|---|---|---|
r-devel-linux-x86_64-debian-clang | 0.3.9200 | 2.47 | 38.19 | 40.66 | NOTE | |
r-devel-linux-x86_64-debian-gcc | 0.3.9200 | 2.03 | 29.80 | 31.83 | NOTE | |
r-devel-linux-x86_64-fedora-clang | 0.3.9200 | 50.27 | NOTE | |||
r-devel-linux-x86_64-fedora-gcc | 0.3.9200 | 38.86 | NOTE | |||
r-patched-linux-x86_64 | 0.3.9200 | 2.58 | 36.98 | 39.56 | NOTE | |
r-release-linux-x86_64 | 0.3.9200 | 2.32 | 33.94 | 36.26 | NOTE | |
r-release-macos-arm64 | 0.3.9200 | NOTE | ||||
r-release-macos-x86_64 | 0.3.9200 | NOTE | ||||
r-release-windows-x86_64 | 0.3.9200 | 34.00 | 64.00 | 98.00 | NOTE | |
r-oldrel-macos-arm64 | 0.3.9200 | NOTE | ||||
r-oldrel-macos-x86_64 | 0.3.9200 | NOTE | ||||
r-oldrel-windows-ix86+x86_64 | 0.3.9200 | 6.00 | 44.00 | 50.00 | NOTE |
Version: 0.3.9200
Check: R code for possible problems
Result: NOTE
stripslash: no visible global function definition for 'tail'
Undefined global functions or variables:
tail
Consider adding
importFrom("utils", "tail")
to your NAMESPACE file.
Flavors: r-devel-linux-x86_64-debian-clang, r-devel-linux-x86_64-debian-gcc, r-devel-linux-x86_64-fedora-clang, r-devel-linux-x86_64-fedora-gcc, r-patched-linux-x86_64, r-release-linux-x86_64, r-release-macos-arm64, r-release-macos-x86_64, r-release-windows-x86_64, r-oldrel-macos-arm64, r-oldrel-macos-x86_64, r-oldrel-windows-ix86+x86_64