Last updated on 2022-04-24 03:52:37 CEST.
Flavor | Version | Tinstall | Tcheck | Ttotal | Status | Flags |
---|---|---|---|---|---|---|
r-devel-linux-x86_64-debian-clang | 3.2.19 | 24.16 | 153.50 | 177.66 | NOTE | |
r-devel-linux-x86_64-debian-gcc | 3.2.19 | 19.66 | 116.26 | 135.92 | NOTE | |
r-devel-linux-x86_64-fedora-clang | 3.2.19 | 78.52 | NOTE | |||
r-devel-linux-x86_64-fedora-gcc | 3.2.19 | 66.64 | NOTE | |||
r-patched-linux-x86_64 | 3.2.19 | 24.42 | 152.65 | 177.07 | NOTE | |
r-release-linux-x86_64 | 3.2.19 | 24.22 | 153.15 | 177.37 | NOTE | |
r-release-macos-arm64 | 3.2.19 | NOTE | ||||
r-release-macos-x86_64 | 3.2.19 | NOTE | ||||
r-release-windows-x86_64 | 3.2.19 | 1024.00 | 230.00 | 1254.00 | NOTE | |
r-oldrel-macos-arm64 | 3.2.19 | NOTE | ||||
r-oldrel-macos-x86_64 | 3.2.19 | NOTE | ||||
r-oldrel-windows-ix86+x86_64 | 3.2.19 | 18.00 | 247.00 | 265.00 | NOTE |
Version: 3.2.19
Check: LazyData
Result: NOTE
'LazyData' is specified without a 'data' directory
Flavors: r-devel-linux-x86_64-debian-clang, r-devel-linux-x86_64-debian-gcc, r-devel-linux-x86_64-fedora-clang, r-devel-linux-x86_64-fedora-gcc, r-patched-linux-x86_64, r-release-linux-x86_64, r-release-macos-arm64, r-release-macos-x86_64, r-release-windows-x86_64, r-oldrel-macos-arm64, r-oldrel-macos-x86_64, r-oldrel-windows-ix86+x86_64
Version: 3.2.19
Check: installed package size
Result: NOTE
installed size is 21.4Mb
sub-directories of 1Mb or more:
dependencies 20.2Mb
Flavors: r-release-macos-arm64, r-release-macos-x86_64, r-release-windows-x86_64, r-oldrel-macos-arm64, r-oldrel-macos-x86_64