Last updated on 2022-04-24 03:52:37 CEST.
Flavor | Version | Tinstall | Tcheck | Ttotal | Status | Flags |
---|---|---|---|---|---|---|
r-devel-linux-x86_64-debian-clang | 0.8.25 | 7.83 | 63.97 | 71.80 | OK | |
r-devel-linux-x86_64-debian-gcc | 0.8.25 | 6.93 | 48.04 | 54.97 | OK | |
r-devel-linux-x86_64-fedora-clang | 0.8.25 | 85.33 | NOTE | |||
r-devel-linux-x86_64-fedora-gcc | 0.8.25 | 72.45 | OK | |||
r-patched-linux-x86_64 | 0.8.25 | 8.05 | 60.70 | 68.75 | OK | |
r-release-linux-x86_64 | 0.8.25 | 6.60 | 59.08 | 65.68 | OK | |
r-release-macos-arm64 | 0.8.25 | OK | ||||
r-release-macos-x86_64 | 0.8.25 | OK | ||||
r-release-windows-x86_64 | 0.8.25 | 137.00 | 91.00 | 228.00 | OK | |
r-oldrel-macos-arm64 | 0.8.25 | OK | ||||
r-oldrel-macos-x86_64 | 0.8.25 | OK | ||||
r-oldrel-windows-ix86+x86_64 | 0.8.25 | 14.00 | 78.00 | 92.00 | OK |
Version: 0.8.25
Check: Rd cross-references
Result: NOTE
Undeclared packages ‘keras’, ‘tensorflow’, ‘devtools’ in Rd xrefs
Flavor: r-devel-linux-x86_64-fedora-clang