Last updated on 2022-04-24 03:52:37 CEST.
Flavor | Version | Tinstall | Tcheck | Ttotal | Status | Flags |
---|---|---|---|---|---|---|
r-devel-linux-x86_64-debian-clang | 0.22.0 | 3.53 | 42.79 | 46.32 | OK | |
r-devel-linux-x86_64-debian-gcc | 0.22.0 | 2.36 | 32.57 | 34.93 | OK | |
r-devel-linux-x86_64-fedora-clang | 0.22.0 | 55.79 | NOTE | |||
r-devel-linux-x86_64-fedora-gcc | 0.22.0 | 43.19 | NOTE | |||
r-patched-linux-x86_64 | 0.22.0 | 2.90 | 41.58 | 44.48 | OK | |
r-release-linux-x86_64 | 0.22.0 | 2.73 | 39.56 | 42.29 | OK | |
r-release-macos-arm64 | 0.22.0 | NOTE | ||||
r-release-macos-x86_64 | 0.22.0 | NOTE | ||||
r-release-windows-x86_64 | 0.22.0 | 24.00 | 65.00 | 89.00 | OK | |
r-oldrel-macos-arm64 | 0.22.0 | NOTE | ||||
r-oldrel-macos-x86_64 | 0.22.0 | NOTE | ||||
r-oldrel-windows-ix86+x86_64 | 0.22.0 | 7.00 | 59.00 | 66.00 | OK |
Version: 0.22.0
Check: dependencies in R code
Result: NOTE
Namespace in Imports field not imported from: ‘tidyselect’
All declared Imports should be used.
Flavors: r-devel-linux-x86_64-fedora-clang, r-devel-linux-x86_64-fedora-gcc, r-release-macos-arm64, r-release-macos-x86_64, r-oldrel-macos-arm64, r-oldrel-macos-x86_64