Last updated on 2022-04-24 03:52:37 CEST.
Flavor | Version | Tinstall | Tcheck | Ttotal | Status | Flags |
---|---|---|---|---|---|---|
r-devel-linux-x86_64-debian-clang | 0.1-5 | 7.31 | 34.68 | 41.99 | NOTE | |
r-devel-linux-x86_64-debian-gcc | 0.1-5 | 4.59 | 26.26 | 30.85 | NOTE | |
r-devel-linux-x86_64-fedora-clang | 0.1-5 | 54.83 | NOTE | |||
r-devel-linux-x86_64-fedora-gcc | 0.1-5 | 38.25 | NOTE | |||
r-patched-linux-x86_64 | 0.1-5 | 5.19 | 33.36 | 38.55 | NOTE | |
r-release-linux-x86_64 | 0.1-5 | 5.35 | 32.47 | 37.82 | NOTE | |
r-release-macos-arm64 | 0.1-5 | NOTE | ||||
r-release-macos-x86_64 | 0.1-5 | NOTE | ||||
r-release-windows-x86_64 | 0.1-5 | 22.00 | 65.00 | 87.00 | NOTE | |
r-oldrel-macos-arm64 | 0.1-5 | NOTE | ||||
r-oldrel-macos-x86_64 | 0.1-5 | NOTE | ||||
r-oldrel-windows-ix86+x86_64 | 0.1-5 | 18.00 | 51.00 | 69.00 | NOTE |
Version: 0.1-5
Check: R code for possible problems
Result: NOTE
convexhull: no visible global function definition for 'chull'
convexhull: no visible global function definition for 'rnorm'
drawcompletegraph: no visible global function definition for 'segments'
getbag: no visible global function definition for 'chull'
getbag: no visible global function definition for 'polygon'
getbag: no visible global function definition for 'points'
inflate: no visible global function definition for 'rnorm'
rsmed: no visible global function definition for 'runif'
rsplot: no visible global function definition for 'chull'
rsplot: no visible global function definition for 'polygon'
rsplot: no visible global function definition for 'points'
rsrings: no visible global function definition for 'chull'
rsrings: no visible global function definition for 'polygon'
rsrings: no visible global function definition for 'points'
rstinterval: no visible global function definition for 'runif'
rstinterval: no visible global function definition for 'rnorm'
rstinterval: no visible global function definition for 'chull'
rstinterval: no visible global function definition for 'polygon'
Undefined global functions or variables:
chull points polygon rnorm runif segments
Consider adding
importFrom("grDevices", "chull")
importFrom("graphics", "points", "polygon", "segments")
importFrom("stats", "rnorm", "runif")
to your NAMESPACE file.
Flavors: r-devel-linux-x86_64-debian-clang, r-devel-linux-x86_64-debian-gcc, r-devel-linux-x86_64-fedora-clang, r-devel-linux-x86_64-fedora-gcc, r-patched-linux-x86_64, r-release-linux-x86_64, r-release-macos-arm64, r-release-macos-x86_64, r-release-windows-x86_64, r-oldrel-macos-arm64, r-oldrel-macos-x86_64, r-oldrel-windows-ix86+x86_64
Version: 0.1-5
Check: compiled code
Result: NOTE
File ‘rsdepth/libs/rsdepth.so’:
Found no calls to: ‘R_registerRoutines’, ‘R_useDynamicSymbols’
It is good practice to register native routines and to disable symbol
search.
See ‘Writing portable packages’ in the ‘Writing R Extensions’ manual.
Flavors: r-devel-linux-x86_64-fedora-clang, r-devel-linux-x86_64-fedora-gcc