Last updated on 2022-04-24 03:52:37 CEST.
Flavor | Version | Tinstall | Tcheck | Ttotal | Status | Flags |
---|---|---|---|---|---|---|
r-devel-linux-x86_64-debian-clang | 0.5.0 | 212.48 | 168.60 | 381.08 | OK | |
r-devel-linux-x86_64-debian-gcc | 0.5.0 | 172.44 | 121.02 | 293.46 | OK | |
r-devel-linux-x86_64-fedora-clang | 0.5.0 | 529.89 | NOTE | |||
r-devel-linux-x86_64-fedora-gcc | 0.5.0 | 475.06 | NOTE | |||
r-patched-linux-x86_64 | 0.5.0 | 189.40 | 162.26 | 351.66 | OK | |
r-release-linux-x86_64 | 0.5.0 | 184.91 | 154.66 | 339.57 | OK | |
r-release-macos-arm64 | 0.5.0 | NOTE | ||||
r-release-macos-x86_64 | 0.5.0 | NOTE | ||||
r-release-windows-x86_64 | 0.5.0 | 171.00 | 194.00 | 365.00 | OK | |
r-oldrel-macos-arm64 | 0.5.0 | NOTE | ||||
r-oldrel-macos-x86_64 | 0.5.0 | NOTE | ||||
r-oldrel-windows-ix86+x86_64 | 0.5.0 | 484.00 | 283.00 | 767.00 | NOTE |
Version: 0.5.0
Check: installed package size
Result: NOTE
installed size is 7.7Mb
sub-directories of 1Mb or more:
libs 6.9Mb
Flavors: r-devel-linux-x86_64-fedora-clang, r-release-macos-arm64, r-release-macos-x86_64, r-oldrel-macos-arm64, r-oldrel-macos-x86_64, r-oldrel-windows-ix86+x86_64
Version: 0.5.0
Check: dependencies in R code
Result: NOTE
Namespace in Imports field not imported from: ‘MatrixExtra’
All declared Imports should be used.
Flavors: r-devel-linux-x86_64-fedora-clang, r-devel-linux-x86_64-fedora-gcc, r-release-macos-arm64, r-release-macos-x86_64, r-oldrel-macos-arm64, r-oldrel-macos-x86_64