Last updated on 2022-04-24 03:52:37 CEST.
Flavor | Version | Tinstall | Tcheck | Ttotal | Status | Flags |
---|---|---|---|---|---|---|
r-devel-linux-x86_64-debian-clang | 2.21.3 | 1545.94 | 526.98 | 2072.92 | NOTE | |
r-devel-linux-x86_64-debian-gcc | 2.21.3 | 1149.29 | 427.56 | 1576.85 | NOTE | |
r-devel-linux-x86_64-fedora-clang | 2.21.3 | 2977.65 | NOTE | |||
r-devel-linux-x86_64-fedora-gcc | 2.21.3 | 2171.91 | NOTE | |||
r-patched-linux-x86_64 | 2.21.3 | 1267.86 | 560.66 | 1828.52 | NOTE | |
r-release-linux-x86_64 | 2.21.3 | 1145.59 | 556.79 | 1702.38 | NOTE | |
r-release-macos-arm64 | 2.21.3 | NOTE | ||||
r-release-macos-x86_64 | 2.21.3 | NOTE | ||||
r-release-windows-x86_64 | 2.21.3 | 891.00 | 216.00 | 1107.00 | NOTE | --no-examples --no-tests --no-vignettes |
r-oldrel-macos-arm64 | 2.21.3 | NOTE | ||||
r-oldrel-macos-x86_64 | 2.21.3 | NOTE | ||||
r-oldrel-windows-ix86+x86_64 | 2.21.3 | 2702.00 | 391.00 | 3093.00 | NOTE | --no-examples --no-tests --no-vignettes |
Version: 2.21.3
Check: for GNU extensions in Makefiles
Result: NOTE
GNU make is a SystemRequirements.
Flavors: r-devel-linux-x86_64-debian-clang, r-devel-linux-x86_64-debian-gcc, r-devel-linux-x86_64-fedora-clang, r-devel-linux-x86_64-fedora-gcc, r-patched-linux-x86_64, r-release-linux-x86_64, r-release-macos-arm64, r-release-macos-x86_64, r-oldrel-macos-arm64, r-oldrel-macos-x86_64
Version: 2.21.3
Check: installed package size
Result: NOTE
installed size is 159.9Mb
sub-directories of 1Mb or more:
R 1.6Mb
doc 4.8Mb
libs 152.8Mb
Flavors: r-devel-linux-x86_64-fedora-clang, r-release-macos-arm64, r-release-macos-x86_64, r-oldrel-macos-arm64, r-oldrel-macos-x86_64
Version: 2.21.3
Check: dependencies in R code
Result: NOTE
Namespace in Imports field not imported from: ‘RcppParallel’
All declared Imports should be used.
Flavors: r-devel-linux-x86_64-fedora-clang, r-devel-linux-x86_64-fedora-gcc, r-release-macos-arm64, r-release-macos-x86_64, r-oldrel-macos-arm64, r-oldrel-macos-x86_64
Version: 2.21.3
Check: Rd cross-references
Result: NOTE
Undeclared packages ‘gamm4’, ‘shiny’ in Rd xrefs
Flavor: r-devel-linux-x86_64-fedora-clang
Version: 2.21.3
Flags: --no-examples --no-tests --no-vignettes
Check: installed package size
Result: NOTE
installed size is 16.0Mb
sub-directories of 1Mb or more:
R 1.6Mb
doc 4.8Mb
libs 8.9Mb
Flavors: r-release-windows-x86_64, r-oldrel-windows-ix86+x86_64
Version: 2.21.3
Flags: --no-examples --no-tests --no-vignettes
Check: for GNU extensions in Makefiles
Result: NOTE
GNU make is a SystemRequirements.
Flavors: r-release-windows-x86_64, r-oldrel-windows-ix86+x86_64