Last updated on 2022-04-24 03:52:37 CEST.
Flavor | Version | Tinstall | Tcheck | Ttotal | Status | Flags |
---|---|---|---|---|---|---|
r-devel-linux-x86_64-debian-clang | 2.2.0 | 3.18 | 50.99 | 54.17 | OK | |
r-devel-linux-x86_64-debian-gcc | 2.2.0 | 2.25 | 39.16 | 41.41 | OK | |
r-devel-linux-x86_64-fedora-clang | 2.2.0 | 68.07 | NOTE | |||
r-devel-linux-x86_64-fedora-gcc | 2.2.0 | 53.53 | NOTE | |||
r-patched-linux-x86_64 | 2.2.0 | 5.48 | 48.82 | 54.30 | OK | |
r-release-linux-x86_64 | 2.2.0 | 2.47 | 47.13 | 49.60 | OK | |
r-release-macos-arm64 | 2.2.0 | NOTE | ||||
r-release-macos-x86_64 | 2.2.0 | NOTE | ||||
r-release-windows-x86_64 | 2.2.0 | 67.00 | 80.00 | 147.00 | OK | |
r-oldrel-macos-arm64 | 2.2.0 | NOTE | ||||
r-oldrel-macos-x86_64 | 2.2.0 | NOTE | ||||
r-oldrel-windows-ix86+x86_64 | 2.2.0 | 6.00 | 63.00 | 69.00 | OK |
Version: 2.2.0
Check: dependencies in R code
Result: NOTE
Namespace in Imports field not imported from: ‘RcppParallel’
All declared Imports should be used.
Flavors: r-devel-linux-x86_64-fedora-clang, r-devel-linux-x86_64-fedora-gcc, r-release-macos-arm64, r-release-macos-x86_64, r-oldrel-macos-arm64, r-oldrel-macos-x86_64