Last updated on 2022-04-24 03:52:37 CEST.
Flavor | Version | Tinstall | Tcheck | Ttotal | Status | Flags |
---|---|---|---|---|---|---|
r-devel-linux-x86_64-debian-clang | 1.5.5 | 189.65 | 194.71 | 384.36 | OK | |
r-devel-linux-x86_64-debian-gcc | 1.5.5 | 155.34 | 144.48 | 299.82 | OK | |
r-devel-linux-x86_64-fedora-clang | 1.5.5 | 545.09 | NOTE | |||
r-devel-linux-x86_64-fedora-gcc | 1.5.5 | 524.37 | OK | |||
r-patched-linux-x86_64 | 1.5.5 | 167.53 | 185.74 | 353.27 | OK | |
r-release-linux-x86_64 | 1.5.5 | 164.89 | 183.71 | 348.60 | OK | |
r-release-macos-arm64 | 1.5.5 | NOTE | ||||
r-release-macos-x86_64 | 1.5.5 | NOTE | ||||
r-release-windows-x86_64 | 1.5.5 | 145.00 | 224.00 | 369.00 | OK | |
r-oldrel-macos-arm64 | 1.5.5 | NOTE | ||||
r-oldrel-macos-x86_64 | 1.5.5 | NOTE | ||||
r-oldrel-windows-ix86+x86_64 | 1.5.5 | 343.00 | 300.00 | 643.00 | NOTE |
Version: 1.5.5
Check: installed package size
Result: NOTE
installed size is 14.0Mb
sub-directories of 1Mb or more:
libs 11.5Mb
Flavors: r-devel-linux-x86_64-fedora-clang, r-release-macos-arm64, r-release-macos-x86_64, r-oldrel-macos-arm64, r-oldrel-macos-x86_64, r-oldrel-windows-ix86+x86_64
Version: 1.5.5
Check: Rd cross-references
Result: NOTE
Undeclared packages ‘flexsurv’, ‘timereg’ in Rd xrefs
Flavor: r-devel-linux-x86_64-fedora-clang