Last updated on 2022-04-24 03:52:37 CEST.
Flavor | Version | Tinstall | Tcheck | Ttotal | Status | Flags |
---|---|---|---|---|---|---|
r-devel-linux-x86_64-debian-clang | 0.1.3 | 6.78 | 80.25 | 87.03 | OK | |
r-devel-linux-x86_64-debian-gcc | 0.1.3 | 5.24 | 58.74 | 63.98 | OK | |
r-devel-linux-x86_64-fedora-clang | 0.1.3 | 102.03 | NOTE | |||
r-devel-linux-x86_64-fedora-gcc | 0.1.3 | 88.92 | OK | |||
r-patched-linux-x86_64 | 0.1.3 | 8.66 | 76.36 | 85.02 | OK | |
r-release-linux-x86_64 | 0.1.3 | 5.37 | 73.78 | 79.15 | OK | |
r-release-macos-arm64 | 0.1.3 | OK | ||||
r-release-macos-x86_64 | 0.1.3 | OK | ||||
r-release-windows-x86_64 | 0.1.3 | 34.00 | 97.00 | 131.00 | OK | |
r-oldrel-macos-arm64 | 0.1.3 | OK | ||||
r-oldrel-macos-x86_64 | 0.1.3 | OK | ||||
r-oldrel-windows-ix86+x86_64 | 0.1.3 | 12.00 | 88.00 | 100.00 | OK |
Version: 0.1.3
Check: Rd cross-references
Result: NOTE
Undeclared package ‘spacyr’ in Rd xrefs
Flavor: r-devel-linux-x86_64-fedora-clang