Last updated on 2022-04-24 03:52:37 CEST.
Flavor | Version | Tinstall | Tcheck | Ttotal | Status | Flags |
---|---|---|---|---|---|---|
r-devel-linux-x86_64-debian-clang | 0.11-5 | 29.84 | 427.04 | 456.88 | OK | |
r-devel-linux-x86_64-debian-gcc | 0.11-5 | 24.18 | 302.58 | 326.76 | OK | |
r-devel-linux-x86_64-fedora-clang | 0.11-5 | 557.27 | OK | |||
r-devel-linux-x86_64-fedora-gcc | 0.11-5 | 532.30 | OK | |||
r-patched-linux-x86_64 | 0.11-5 | 25.99 | 407.35 | 433.34 | OK | |
r-release-linux-x86_64 | 0.11-5 | 23.34 | 389.22 | 412.56 | OK | |
r-release-macos-arm64 | 0.11-5 | OK | ||||
r-release-macos-x86_64 | 0.11-5 | WARN | --as-cran | |||
r-release-windows-x86_64 | 0.11-5 | 39.00 | 426.00 | 465.00 | OK | |
r-oldrel-macos-arm64 | 0.11-5 | OK | ||||
r-oldrel-macos-x86_64 | 0.11-5 | WARN | --as-cran | |||
r-oldrel-windows-ix86+x86_64 | 0.11-5 | 64.00 | 741.00 | 805.00 | OK |
Version: 0.11-5
Flags: --as-cran
Check: CRAN incoming feasibility
Result: WARN
Maintainer: ‘Henrik Singmann <singmann@gmail.com>’
Insufficient package version (submitted: 0.11.5, existing: 0.11.5)
Days since last update: 1
Flavors: r-release-macos-x86_64, r-oldrel-macos-x86_64