Last updated on 2022-04-24 03:52:37 CEST.
Flavor | Version | Tinstall | Tcheck | Ttotal | Status | Flags |
---|---|---|---|---|---|---|
r-devel-linux-x86_64-debian-clang | 0.1.22 | 21.22 | 83.32 | 104.54 | OK | |
r-devel-linux-x86_64-debian-gcc | 0.1.22 | 17.18 | 64.53 | 81.71 | OK | |
r-devel-linux-x86_64-fedora-clang | 0.1.22 | 133.15 | NOTE | |||
r-devel-linux-x86_64-fedora-gcc | 0.1.22 | 118.31 | NOTE | |||
r-patched-linux-x86_64 | 0.1.22 | 23.28 | 80.85 | 104.13 | OK | |
r-release-linux-x86_64 | 0.1.22 | 19.02 | 79.33 | 98.35 | OK | |
r-release-macos-arm64 | 0.1.22 | NOTE | ||||
r-release-macos-x86_64 | 0.1.22 | NOTE | ||||
r-release-windows-x86_64 | 0.1.22 | 38.00 | 118.00 | 156.00 | OK | |
r-oldrel-macos-arm64 | 0.1.22 | NOTE | ||||
r-oldrel-macos-x86_64 | 0.1.22 | NOTE | ||||
r-oldrel-windows-ix86+x86_64 | 0.1.22 | 53.00 | 162.00 | 215.00 | OK |
Version: 0.1.22
Check: dependencies in R code
Result: NOTE
Namespaces in Imports field not imported from:
‘RSQLite’ ‘stats’
All declared Imports should be used.
Flavors: r-devel-linux-x86_64-fedora-clang, r-devel-linux-x86_64-fedora-gcc, r-release-macos-arm64, r-release-macos-x86_64, r-oldrel-macos-arm64, r-oldrel-macos-x86_64
Version: 0.1.22
Check: data for non-ASCII characters
Result: NOTE
Note: found 2 marked UTF-8 strings
Flavors: r-devel-linux-x86_64-fedora-clang, r-devel-linux-x86_64-fedora-gcc, r-release-macos-arm64, r-release-macos-x86_64, r-oldrel-macos-arm64, r-oldrel-macos-x86_64