Last updated on 2022-04-24 03:52:37 CEST.
Flavor | Version | Tinstall | Tcheck | Ttotal | Status | Flags |
---|---|---|---|---|---|---|
r-devel-linux-x86_64-debian-clang | 0.23 | 3.92 | 46.28 | 50.20 | NOTE | |
r-devel-linux-x86_64-debian-gcc | 0.23 | 3.30 | 36.14 | 39.44 | NOTE | |
r-devel-linux-x86_64-fedora-clang | 0.23 | 63.92 | NOTE | |||
r-devel-linux-x86_64-fedora-gcc | 0.23 | 48.99 | NOTE | |||
r-patched-linux-x86_64 | 0.23 | 4.78 | 45.13 | 49.91 | NOTE | |
r-release-linux-x86_64 | 0.23 | 3.22 | 43.81 | 47.03 | NOTE | |
r-release-macos-arm64 | 0.23 | NOTE | ||||
r-release-macos-x86_64 | 0.23 | NOTE | ||||
r-release-windows-x86_64 | 0.23 | 176.00 | 68.00 | 244.00 | NOTE | |
r-oldrel-macos-arm64 | 0.23 | NOTE | ||||
r-oldrel-macos-x86_64 | 0.23 | NOTE | ||||
r-oldrel-windows-ix86+x86_64 | 0.23 | 11.00 | 53.00 | 64.00 | NOTE |
Version: 0.23
Check: for GNU extensions in Makefiles
Result: NOTE
GNU make is a SystemRequirements.
Flavors: r-devel-linux-x86_64-debian-clang, r-devel-linux-x86_64-debian-gcc, r-devel-linux-x86_64-fedora-clang, r-devel-linux-x86_64-fedora-gcc, r-patched-linux-x86_64, r-release-linux-x86_64, r-release-macos-arm64, r-release-macos-x86_64, r-release-windows-x86_64, r-oldrel-macos-arm64, r-oldrel-macos-x86_64, r-oldrel-windows-ix86+x86_64
Version: 0.23
Check: installed package size
Result: NOTE
installed size is 7.3Mb
sub-directories of 1Mb or more:
rmarkdown 7.0Mb
Flavors: r-devel-linux-x86_64-fedora-clang, r-release-macos-arm64, r-release-macos-x86_64, r-release-windows-x86_64, r-oldrel-macos-arm64, r-oldrel-macos-x86_64, r-oldrel-windows-ix86+x86_64