Last updated on 2022-04-24 03:52:37 CEST.
Flavor | Version | Tinstall | Tcheck | Ttotal | Status | Flags |
---|---|---|---|---|---|---|
r-devel-linux-x86_64-debian-clang | 1.7.2 | 7.40 | 91.92 | 99.32 | OK | |
r-devel-linux-x86_64-debian-gcc | 1.7.2 | 5.18 | 68.05 | 73.23 | OK | |
r-devel-linux-x86_64-fedora-clang | 1.7.2 | 115.90 | NOTE | |||
r-devel-linux-x86_64-fedora-gcc | 1.7.2 | 102.17 | NOTE | |||
r-patched-linux-x86_64 | 1.7.2 | 5.40 | 85.65 | 91.05 | OK | |
r-release-linux-x86_64 | 1.7.2 | 3.98 | 89.47 | 93.45 | OK | |
r-release-macos-arm64 | 1.7.2 | NOTE | ||||
r-release-macos-x86_64 | 1.7.2 | NOTE | ||||
r-release-windows-x86_64 | 1.7.2 | 26.00 | 116.00 | 142.00 | OK | |
r-oldrel-macos-arm64 | 1.7.2 | NOTE | ||||
r-oldrel-macos-x86_64 | 1.7.2 | NOTE | ||||
r-oldrel-windows-ix86+x86_64 | 1.7.2 | 16.00 | 109.00 | 125.00 | OK |
Version: 1.7.2
Check: dependencies in R code
Result: NOTE
Namespaces in Imports field not imported from:
‘stringr’ ‘tidyverse’
All declared Imports should be used.
Flavors: r-devel-linux-x86_64-fedora-clang, r-devel-linux-x86_64-fedora-gcc, r-release-macos-arm64, r-release-macos-x86_64, r-oldrel-macos-arm64, r-oldrel-macos-x86_64