Last updated on 2022-04-24 03:52:37 CEST.
Flavor | Version | Tinstall | Tcheck | Ttotal | Status | Flags |
---|---|---|---|---|---|---|
r-devel-linux-x86_64-debian-clang | 5.0.0 | 9.15 | 230.21 | 239.36 | OK | |
r-devel-linux-x86_64-debian-gcc | 5.0.0 | 6.49 | 167.18 | 173.67 | OK | |
r-devel-linux-x86_64-fedora-clang | 5.0.0 | 285.24 | NOTE | |||
r-devel-linux-x86_64-fedora-gcc | 5.0.0 | 259.52 | NOTE | |||
r-patched-linux-x86_64 | 5.0.0 | 8.56 | 216.67 | 225.23 | OK | |
r-release-linux-x86_64 | 5.0.0 | 8.28 | 212.43 | 220.71 | OK | |
r-release-macos-arm64 | 5.0.0 | NOTE | ||||
r-release-macos-x86_64 | 5.0.0 | NOTE | ||||
r-release-windows-x86_64 | 5.0.0 | 29.00 | 258.00 | 287.00 | OK | |
r-oldrel-macos-arm64 | 5.0.0 | NOTE | ||||
r-oldrel-macos-x86_64 | 5.0.0 | NOTE | ||||
r-oldrel-windows-ix86+x86_64 | 5.0.0 | 20.00 | 252.00 | 272.00 | OK |
Version: 5.0.0
Check: dependencies in R code
Result: NOTE
Namespaces in Imports field not imported from:
‘DescTools’ ‘MASS’ ‘gridExtra’
All declared Imports should be used.
Flavors: r-devel-linux-x86_64-fedora-clang, r-devel-linux-x86_64-fedora-gcc, r-release-macos-arm64, r-release-macos-x86_64, r-oldrel-macos-arm64, r-oldrel-macos-x86_64