Last updated on 2022-04-24 03:52:37 CEST.
Flavor | Version | Tinstall | Tcheck | Ttotal | Status | Flags |
---|---|---|---|---|---|---|
r-devel-linux-x86_64-debian-clang | 0.2.6.1 | 54.39 | 44.90 | 99.29 | OK | |
r-devel-linux-x86_64-debian-gcc | 0.2.6.1 | 53.27 | 35.53 | 88.80 | OK | |
r-devel-linux-x86_64-fedora-clang | 0.2.6.1 | 147.62 | NOTE | |||
r-devel-linux-x86_64-fedora-gcc | 0.2.6.1 | 131.81 | OK | |||
r-patched-linux-x86_64 | 0.2.6.1 | 57.55 | 43.16 | 100.71 | OK | |
r-release-linux-x86_64 | 0.2.6.1 | 53.12 | 42.35 | 95.47 | OK | |
r-release-macos-arm64 | 0.2.6.1 | NOTE | ||||
r-release-macos-x86_64 | 0.2.6.1 | NOTE | ||||
r-release-windows-x86_64 | 0.2.6.1 | 51.00 | 86.00 | 137.00 | OK | |
r-oldrel-macos-arm64 | 0.2.6.1 | NOTE | ||||
r-oldrel-macos-x86_64 | 0.2.6.1 | NOTE | ||||
r-oldrel-windows-ix86+x86_64 | 0.2.6.1 | 132.00 | 84.00 | 216.00 | OK |
Version: 0.2.6.1
Check: installed package size
Result: NOTE
installed size is 5.3Mb
sub-directories of 1Mb or more:
libs 5.2Mb
Flavors: r-devel-linux-x86_64-fedora-clang, r-release-macos-arm64, r-release-macos-x86_64, r-oldrel-macos-arm64, r-oldrel-macos-x86_64