Last updated on 2022-04-24 03:52:37 CEST.
Flavor | Version | Tinstall | Tcheck | Ttotal | Status | Flags |
---|---|---|---|---|---|---|
r-devel-linux-x86_64-debian-clang | 0.1.0 | 5.23 | 60.95 | 66.18 | NOTE | |
r-devel-linux-x86_64-debian-gcc | 0.1.0 | 4.01 | 45.75 | 49.76 | NOTE | |
r-devel-linux-x86_64-fedora-clang | 0.1.0 | 81.22 | NOTE | |||
r-devel-linux-x86_64-fedora-gcc | 0.1.0 | 65.88 | NOTE | |||
r-patched-linux-x86_64 | 0.1.0 | 5.17 | 57.78 | 62.95 | NOTE | |
r-release-linux-x86_64 | 0.1.0 | 4.86 | 54.86 | 59.72 | NOTE | |
r-release-macos-arm64 | 0.1.0 | NOTE | ||||
r-release-macos-x86_64 | 0.1.0 | NOTE | ||||
r-release-windows-x86_64 | 0.1.0 | 27.00 | 78.00 | 105.00 | NOTE | |
r-oldrel-macos-arm64 | 0.1.0 | NOTE | ||||
r-oldrel-macos-x86_64 | 0.1.0 | NOTE | ||||
r-oldrel-windows-ix86+x86_64 | 0.1.0 | 14.00 | 66.00 | 80.00 | NOTE |
Version: 0.1.0
Check: LazyData
Result: NOTE
'LazyData' is specified without a 'data' directory
Flavors: r-devel-linux-x86_64-debian-clang, r-devel-linux-x86_64-debian-gcc, r-devel-linux-x86_64-fedora-clang, r-devel-linux-x86_64-fedora-gcc, r-patched-linux-x86_64, r-release-linux-x86_64, r-release-macos-arm64, r-release-macos-x86_64, r-release-windows-x86_64, r-oldrel-macos-arm64, r-oldrel-macos-x86_64, r-oldrel-windows-ix86+x86_64