Last updated on 2022-04-24 03:52:37 CEST.
Flavor | Version | Tinstall | Tcheck | Ttotal | Status | Flags |
---|---|---|---|---|---|---|
r-devel-linux-x86_64-debian-clang | 0.3.3 | 6.54 | 69.13 | 75.67 | OK | |
r-devel-linux-x86_64-debian-gcc | 0.3.3 | 5.24 | 51.27 | 56.51 | OK | |
r-devel-linux-x86_64-fedora-clang | 0.3.3 | 90.90 | NOTE | |||
r-devel-linux-x86_64-fedora-gcc | 0.3.3 | 76.15 | NOTE | |||
r-patched-linux-x86_64 | 0.3.3 | 6.91 | 63.69 | 70.60 | OK | |
r-release-linux-x86_64 | 0.3.3 | 5.43 | 53.99 | 59.42 | OK | |
r-release-macos-arm64 | 0.3.3 | NOTE | ||||
r-release-macos-x86_64 | 0.3.3 | NOTE | ||||
r-release-windows-x86_64 | 0.3.3 | 24.00 | 96.00 | 120.00 | OK | |
r-oldrel-macos-arm64 | 0.3.3 | NOTE | ||||
r-oldrel-macos-x86_64 | 0.3.3 | NOTE | ||||
r-oldrel-windows-ix86+x86_64 | 0.3.3 | 14.00 | 64.00 | 78.00 | OK |
Version: 0.3.3
Check: dependencies in R code
Result: NOTE
Namespaces in Imports field not imported from:
‘memoise’ ‘tidyr’
All declared Imports should be used.
Flavors: r-devel-linux-x86_64-fedora-clang, r-devel-linux-x86_64-fedora-gcc, r-release-macos-arm64, r-release-macos-x86_64, r-oldrel-macos-arm64, r-oldrel-macos-x86_64
Version: 0.3.3
Check: data for non-ASCII characters
Result: NOTE
Note: found 37 marked UTF-8 strings
Flavors: r-devel-linux-x86_64-fedora-clang, r-devel-linux-x86_64-fedora-gcc, r-release-macos-arm64, r-release-macos-x86_64, r-oldrel-macos-arm64, r-oldrel-macos-x86_64
Version: 0.3.3
Check: package dependencies
Result: NOTE
Packages suggested but not available for checking: 'showtext', 'sysfonts'
Flavors: r-release-macos-arm64, r-oldrel-macos-arm64