Last updated on 2022-04-24 03:52:37 CEST.
Flavor | Version | Tinstall | Tcheck | Ttotal | Status | Flags |
---|---|---|---|---|---|---|
r-devel-linux-x86_64-debian-clang | 1.0.0 | 3.43 | 48.45 | 51.88 | OK | |
r-devel-linux-x86_64-debian-gcc | 1.0.0 | 2.28 | 35.98 | 38.26 | OK | |
r-devel-linux-x86_64-fedora-clang | 1.0.0 | 61.84 | NOTE | |||
r-devel-linux-x86_64-fedora-gcc | 1.0.0 | 48.92 | NOTE | |||
r-patched-linux-x86_64 | 1.0.0 | 3.01 | 45.86 | 48.87 | OK | |
r-release-linux-x86_64 | 1.0.0 | 2.37 | 45.71 | 48.08 | OK | |
r-release-macos-arm64 | 1.0.0 | NOTE | ||||
r-release-macos-x86_64 | 1.0.0 | NOTE | ||||
r-release-windows-x86_64 | 1.0.0 | 28.00 | 81.00 | 109.00 | OK | |
r-oldrel-macos-arm64 | 1.0.0 | NOTE | ||||
r-oldrel-macos-x86_64 | 1.0.0 | NOTE | ||||
r-oldrel-windows-ix86+x86_64 | 1.0.0 | 7.00 | 58.00 | 65.00 | OK |
Version: 1.0.0
Check: dependencies in R code
Result: NOTE
Namespace in Imports field not imported from: ‘curl’
All declared Imports should be used.
Flavors: r-devel-linux-x86_64-fedora-clang, r-devel-linux-x86_64-fedora-gcc, r-release-macos-arm64, r-release-macos-x86_64, r-oldrel-macos-arm64, r-oldrel-macos-x86_64
Version: 1.0.0
Check: data for non-ASCII characters
Result: NOTE
Note: found 2023 marked Latin-1 strings
Note: found 17 marked UTF-8 strings
Flavors: r-devel-linux-x86_64-fedora-clang, r-devel-linux-x86_64-fedora-gcc, r-release-macos-arm64, r-release-macos-x86_64, r-oldrel-macos-arm64, r-oldrel-macos-x86_64