Last updated on 2022-04-24 03:52:37 CEST.
Flavor | Version | Tinstall | Tcheck | Ttotal | Status | Flags |
---|---|---|---|---|---|---|
r-devel-linux-x86_64-debian-clang | 0.7.0 | 9.48 | 77.84 | 87.32 | OK | |
r-devel-linux-x86_64-debian-gcc | 0.7.0 | 10.66 | 59.68 | 70.34 | OK | |
r-devel-linux-x86_64-fedora-clang | 0.7.0 | 115.74 | NOTE | |||
r-devel-linux-x86_64-fedora-gcc | 0.7.0 | 96.64 | NOTE | |||
r-patched-linux-x86_64 | 0.7.0 | 11.19 | 76.09 | 87.28 | OK | |
r-release-linux-x86_64 | 0.7.0 | 11.51 | 76.29 | 87.80 | OK | |
r-release-macos-arm64 | 0.7.0 | NOTE | ||||
r-release-macos-x86_64 | 0.7.0 | NOTE | ||||
r-release-windows-x86_64 | 0.7.0 | 58.00 | 106.00 | 164.00 | OK | |
r-oldrel-macos-arm64 | 0.7.0 | NOTE | ||||
r-oldrel-macos-x86_64 | 0.7.0 | NOTE | ||||
r-oldrel-windows-ix86+x86_64 | 0.7.0 | 22.00 | 90.00 | 112.00 | OK |
Version: 0.7.0
Check: dependencies in R code
Result: NOTE
Namespace in Imports field not imported from: ‘Rcpp’
All declared Imports should be used.
Flavors: r-devel-linux-x86_64-fedora-clang, r-devel-linux-x86_64-fedora-gcc, r-release-macos-arm64, r-release-macos-x86_64, r-oldrel-macos-arm64, r-oldrel-macos-x86_64
Version: 0.7.0
Check: data for non-ASCII characters
Result: NOTE
Note: found 113868 marked UTF-8 strings
Flavors: r-devel-linux-x86_64-fedora-clang, r-devel-linux-x86_64-fedora-gcc, r-release-macos-arm64, r-release-macos-x86_64, r-oldrel-macos-arm64, r-oldrel-macos-x86_64