Last updated on 2022-04-24 03:52:37 CEST.
Flavor | Version | Tinstall | Tcheck | Ttotal | Status | Flags |
---|---|---|---|---|---|---|
r-devel-linux-x86_64-debian-clang | 2.1.0 | 6.70 | 72.60 | 79.30 | NOTE | |
r-devel-linux-x86_64-debian-gcc | 2.1.0 | 5.12 | 53.11 | 58.23 | NOTE | |
r-devel-linux-x86_64-fedora-clang | 2.1.0 | 92.41 | NOTE | |||
r-devel-linux-x86_64-fedora-gcc | 2.1.0 | 80.51 | NOTE | |||
r-patched-linux-x86_64 | 2.1.0 | 6.89 | 67.01 | 73.90 | NOTE | |
r-release-linux-x86_64 | 2.1.0 | 4.60 | 64.55 | 69.15 | NOTE | |
r-release-macos-arm64 | 2.1.0 | NOTE | ||||
r-release-macos-x86_64 | 2.1.0 | NOTE | ||||
r-release-windows-x86_64 | 2.1.0 | 25.00 | 88.00 | 113.00 | NOTE | |
r-oldrel-macos-arm64 | 2.1.0 | NOTE | ||||
r-oldrel-macos-x86_64 | 2.1.0 | NOTE | ||||
r-oldrel-windows-ix86+x86_64 | 2.1.0 | 15.00 | 75.00 | 90.00 | NOTE |
Version: 2.1.0
Check: LazyData
Result: NOTE
'LazyData' is specified without a 'data' directory
Flavors: r-devel-linux-x86_64-debian-clang, r-devel-linux-x86_64-debian-gcc, r-devel-linux-x86_64-fedora-clang, r-devel-linux-x86_64-fedora-gcc, r-patched-linux-x86_64, r-release-linux-x86_64, r-release-macos-arm64, r-release-macos-x86_64, r-release-windows-x86_64, r-oldrel-macos-arm64, r-oldrel-macos-x86_64, r-oldrel-windows-ix86+x86_64