Last updated on 2022-04-24 03:52:37 CEST.
Flavor | Version | Tinstall | Tcheck | Ttotal | Status | Flags |
---|---|---|---|---|---|---|
r-devel-linux-x86_64-debian-clang | 0.3 | 273.14 | 428.72 | 701.86 | OK | |
r-devel-linux-x86_64-debian-gcc | 0.3 | 215.75 | 362.01 | 577.76 | OK | |
r-devel-linux-x86_64-fedora-clang | 0.3 | 924.21 | NOTE | |||
r-devel-linux-x86_64-fedora-gcc | 0.3 | 870.63 | OK | |||
r-patched-linux-x86_64 | 0.3 | 220.87 | 478.45 | 699.32 | OK | |
r-release-linux-x86_64 | 0.3 | 223.80 | 460.67 | 684.47 | OK | |
r-release-macos-arm64 | 0.3 | NOTE | ||||
r-release-macos-x86_64 | 0.3 | NOTE | ||||
r-release-windows-x86_64 | 0.3 | 247.00 | 413.00 | 660.00 | NOTE | |
r-oldrel-macos-arm64 | 0.3 | NOTE | ||||
r-oldrel-macos-x86_64 | 0.3 | NOTE | ||||
r-oldrel-windows-ix86+x86_64 | 0.3 | 639.00 | 436.00 | 1075.00 | NOTE |
Version: 0.3
Check: installed package size
Result: NOTE
installed size is 9.1Mb
sub-directories of 1Mb or more:
data 3.8Mb
libs 4.7Mb
Flavors: r-devel-linux-x86_64-fedora-clang, r-release-macos-arm64, r-release-macos-x86_64, r-release-windows-x86_64, r-oldrel-macos-arm64, r-oldrel-macos-x86_64, r-oldrel-windows-ix86+x86_64