Last updated on 2022-04-24 03:52:37 CEST.
Flavor | Version | Tinstall | Tcheck | Ttotal | Status | Flags |
---|---|---|---|---|---|---|
r-devel-linux-x86_64-debian-clang | 0.2.4 | 5.23 | 82.76 | 87.99 | NOTE | |
r-devel-linux-x86_64-debian-gcc | 0.2.4 | 4.25 | 61.65 | 65.90 | NOTE | |
r-devel-linux-x86_64-fedora-clang | 0.2.4 | 106.09 | NOTE | |||
r-devel-linux-x86_64-fedora-gcc | 0.2.4 | 91.95 | NOTE | |||
r-patched-linux-x86_64 | 0.2.4 | 12.28 | 76.56 | 88.84 | NOTE | |
r-release-linux-x86_64 | 0.2.4 | 3.59 | 78.80 | 82.39 | NOTE | |
r-release-macos-arm64 | 0.2.4 | NOTE | ||||
r-release-macos-x86_64 | 0.2.4 | NOTE | ||||
r-release-windows-x86_64 | 0.2.4 | 21.00 | 108.00 | 129.00 | NOTE | |
r-oldrel-macos-arm64 | 0.2.4 | NOTE | ||||
r-oldrel-macos-x86_64 | 0.2.4 | NOTE | ||||
r-oldrel-windows-ix86+x86_64 | 0.2.4 | 13.00 | 95.00 | 108.00 | NOTE |
Version: 0.2.4
Check: LazyData
Result: NOTE
'LazyData' is specified without a 'data' directory
Flavors: r-devel-linux-x86_64-debian-clang, r-devel-linux-x86_64-debian-gcc, r-devel-linux-x86_64-fedora-clang, r-devel-linux-x86_64-fedora-gcc, r-patched-linux-x86_64, r-release-linux-x86_64, r-release-macos-arm64, r-release-macos-x86_64, r-release-windows-x86_64, r-oldrel-macos-arm64, r-oldrel-macos-x86_64, r-oldrel-windows-ix86+x86_64