Last updated on 2022-04-24 03:52:37 CEST.
Flavor | Version | Tinstall | Tcheck | Ttotal | Status | Flags |
---|---|---|---|---|---|---|
r-devel-linux-x86_64-debian-clang | 0.1.0 | 1.49 | 32.64 | 34.13 | NOTE | |
r-devel-linux-x86_64-debian-gcc | 0.1.0 | 1.58 | 24.93 | 26.51 | NOTE | |
r-devel-linux-x86_64-fedora-clang | 0.1.0 | 41.64 | NOTE | |||
r-devel-linux-x86_64-fedora-gcc | 0.1.0 | 30.04 | NOTE | |||
r-patched-linux-x86_64 | 0.1.0 | 1.47 | 30.81 | 32.28 | NOTE | |
r-release-linux-x86_64 | 0.1.0 | 1.39 | 30.01 | 31.40 | NOTE | |
r-release-macos-arm64 | 0.1.0 | NOTE | ||||
r-release-macos-x86_64 | 0.1.0 | NOTE | ||||
r-release-windows-x86_64 | 0.1.0 | 10.00 | 46.00 | 56.00 | NOTE | |
r-oldrel-macos-arm64 | 0.1.0 | NOTE | ||||
r-oldrel-macos-x86_64 | 0.1.0 | NOTE | ||||
r-oldrel-windows-ix86+x86_64 | 0.1.0 | 5.00 | 38.00 | 43.00 | NOTE |
Version: 0.1.0
Check: LazyData
Result: NOTE
'LazyData' is specified without a 'data' directory
Flavors: r-devel-linux-x86_64-debian-clang, r-devel-linux-x86_64-debian-gcc, r-devel-linux-x86_64-fedora-clang, r-devel-linux-x86_64-fedora-gcc, r-patched-linux-x86_64, r-release-linux-x86_64, r-release-macos-arm64, r-release-macos-x86_64, r-release-windows-x86_64, r-oldrel-macos-arm64, r-oldrel-macos-x86_64, r-oldrel-windows-ix86+x86_64