Last updated on 2022-04-24 03:52:37 CEST.
Flavor | Version | Tinstall | Tcheck | Ttotal | Status | Flags |
---|---|---|---|---|---|---|
r-devel-linux-x86_64-debian-clang | 1.1.0 | 6.51 | 59.76 | 66.27 | NOTE | |
r-devel-linux-x86_64-debian-gcc | 1.1.0 | 5.34 | 45.57 | 50.91 | NOTE | |
r-devel-linux-x86_64-fedora-clang | 1.1.0 | 81.09 | NOTE | |||
r-devel-linux-x86_64-fedora-gcc | 1.1.0 | 73.17 | NOTE | |||
r-patched-linux-x86_64 | 1.1.0 | 7.14 | 56.02 | 63.16 | NOTE | |
r-release-linux-x86_64 | 1.1.0 | 5.27 | 57.40 | 62.67 | NOTE | |
r-release-macos-arm64 | 1.1.0 | NOTE | ||||
r-release-macos-x86_64 | 1.1.0 | NOTE | ||||
r-release-windows-x86_64 | 1.1.0 | 51.00 | 92.00 | 143.00 | NOTE | |
r-oldrel-macos-arm64 | 1.1.0 | NOTE | ||||
r-oldrel-macos-x86_64 | 1.1.0 | NOTE | ||||
r-oldrel-windows-ix86+x86_64 | 1.1.0 | 12.00 | 69.00 | 81.00 | NOTE |
Version: 1.1.0
Check: LazyData
Result: NOTE
'LazyData' is specified without a 'data' directory
Flavors: r-devel-linux-x86_64-debian-clang, r-devel-linux-x86_64-debian-gcc, r-devel-linux-x86_64-fedora-clang, r-devel-linux-x86_64-fedora-gcc, r-patched-linux-x86_64, r-release-linux-x86_64, r-release-macos-arm64, r-release-macos-x86_64, r-release-windows-x86_64, r-oldrel-macos-arm64, r-oldrel-macos-x86_64, r-oldrel-windows-ix86+x86_64