Last updated on 2022-04-24 03:52:37 CEST.
Flavor | Version | Tinstall | Tcheck | Ttotal | Status | Flags |
---|---|---|---|---|---|---|
r-devel-linux-x86_64-debian-clang | 1.0.4 | 2.03 | 31.36 | 33.39 | NOTE | |
r-devel-linux-x86_64-debian-gcc | 1.0.4 | 1.63 | 23.96 | 25.59 | NOTE | |
r-devel-linux-x86_64-fedora-clang | 1.0.4 | 40.39 | NOTE | |||
r-devel-linux-x86_64-fedora-gcc | 1.0.4 | 30.11 | NOTE | |||
r-patched-linux-x86_64 | 1.0.4 | 1.95 | 29.98 | 31.93 | NOTE | |
r-release-linux-x86_64 | 1.0.4 | 1.24 | 30.31 | 31.55 | NOTE | |
r-release-macos-arm64 | 1.0.4 | NOTE | ||||
r-release-macos-x86_64 | 1.0.4 | NOTE | ||||
r-release-windows-x86_64 | 1.0.4 | 10.00 | 45.00 | 55.00 | NOTE | |
r-oldrel-macos-arm64 | 1.0.4 | NOTE | ||||
r-oldrel-macos-x86_64 | 1.0.4 | NOTE | ||||
r-oldrel-windows-ix86+x86_64 | 1.0.4 | 5.00 | 36.00 | 41.00 | NOTE |
Version: 1.0.4
Check: LazyData
Result: NOTE
'LazyData' is specified without a 'data' directory
Flavors: r-devel-linux-x86_64-debian-clang, r-devel-linux-x86_64-debian-gcc, r-devel-linux-x86_64-fedora-clang, r-devel-linux-x86_64-fedora-gcc, r-patched-linux-x86_64, r-release-linux-x86_64, r-release-macos-arm64, r-release-macos-x86_64, r-release-windows-x86_64, r-oldrel-macos-arm64, r-oldrel-macos-x86_64, r-oldrel-windows-ix86+x86_64