Last updated on 2022-04-24 03:52:37 CEST.
Flavor | Version | Tinstall | Tcheck | Ttotal | Status | Flags |
---|---|---|---|---|---|---|
r-devel-linux-x86_64-debian-clang | 3.0 | 3.61 | 37.52 | 41.13 | NOTE | |
r-devel-linux-x86_64-debian-gcc | 3.0 | 2.78 | 28.53 | 31.31 | NOTE | |
r-devel-linux-x86_64-fedora-clang | 3.0 | 50.45 | NOTE | |||
r-devel-linux-x86_64-fedora-gcc | 3.0 | 41.13 | NOTE | |||
r-patched-linux-x86_64 | 3.0 | 3.45 | 35.83 | 39.28 | NOTE | |
r-release-linux-x86_64 | 3.0 | 2.52 | 35.76 | 38.28 | NOTE | |
r-release-macos-arm64 | 3.0 | NOTE | ||||
r-release-macos-x86_64 | 3.0 | NOTE | ||||
r-release-windows-x86_64 | 3.0 | 14.00 | 52.00 | 66.00 | NOTE | |
r-oldrel-macos-arm64 | 3.0 | NOTE | ||||
r-oldrel-macos-x86_64 | 3.0 | NOTE | ||||
r-oldrel-windows-ix86+x86_64 | 3.0 | 6.00 | 43.00 | 49.00 | NOTE |
Version: 3.0
Check: DESCRIPTION meta-information
Result: NOTE
Malformed Title field: should not end in a period.
Flavors: r-devel-linux-x86_64-debian-clang, r-devel-linux-x86_64-debian-gcc, r-devel-linux-x86_64-fedora-clang, r-devel-linux-x86_64-fedora-gcc, r-patched-linux-x86_64, r-release-linux-x86_64, r-release-macos-arm64, r-release-macos-x86_64, r-release-windows-x86_64, r-oldrel-macos-arm64, r-oldrel-macos-x86_64, r-oldrel-windows-ix86+x86_64
Version: 3.0
Check: R code for possible problems
Result: NOTE
HapMendlianCheck: no visible global function definition for
'write.table'
rvPDT.test.sub: no visible global function definition for 'pnorm'
whap.prehap: no visible global function definition for 'write.table'
whap.prehap: no visible global function definition for 'read.table'
Undefined global functions or variables:
pnorm read.table write.table
Consider adding
importFrom("stats", "pnorm")
importFrom("utils", "read.table", "write.table")
to your NAMESPACE file.
Flavors: r-devel-linux-x86_64-debian-clang, r-devel-linux-x86_64-debian-gcc, r-devel-linux-x86_64-fedora-clang, r-devel-linux-x86_64-fedora-gcc, r-patched-linux-x86_64, r-release-linux-x86_64, r-release-macos-arm64, r-release-macos-x86_64, r-release-windows-x86_64, r-oldrel-macos-arm64, r-oldrel-macos-x86_64, r-oldrel-windows-ix86+x86_64