Last updated on 2022-04-24 03:52:37 CEST.
Flavor | Version | Tinstall | Tcheck | Ttotal | Status | Flags |
---|---|---|---|---|---|---|
r-devel-linux-x86_64-debian-clang | 1.0 | 2.50 | 33.36 | 35.86 | NOTE | |
r-devel-linux-x86_64-debian-gcc | 1.0 | 1.66 | 25.36 | 27.02 | NOTE | |
r-devel-linux-x86_64-fedora-clang | 1.0 | 43.54 | NOTE | |||
r-devel-linux-x86_64-fedora-gcc | 1.0 | 34.12 | NOTE | |||
r-patched-linux-x86_64 | 1.0 | 2.60 | 32.19 | 34.79 | NOTE | |
r-release-linux-x86_64 | 1.0 | 2.09 | 31.56 | 33.65 | NOTE | |
r-release-macos-arm64 | 1.0 | NOTE | ||||
r-release-macos-x86_64 | 1.0 | NOTE | ||||
r-release-windows-x86_64 | 1.0 | 11.00 | 48.00 | 59.00 | NOTE | |
r-oldrel-macos-arm64 | 1.0 | NOTE | ||||
r-oldrel-macos-x86_64 | 1.0 | NOTE | ||||
r-oldrel-windows-ix86+x86_64 | 1.0 | 5.00 | 30.00 | 35.00 | NOTE |
Version: 1.0
Check: DESCRIPTION meta-information
Result: NOTE
Malformed Description field: should contain one or more complete sentences.
Flavors: r-devel-linux-x86_64-debian-clang, r-devel-linux-x86_64-debian-gcc, r-devel-linux-x86_64-fedora-clang, r-devel-linux-x86_64-fedora-gcc, r-patched-linux-x86_64, r-release-linux-x86_64, r-release-macos-arm64, r-release-macos-x86_64, r-release-windows-x86_64, r-oldrel-macos-arm64, r-oldrel-macos-x86_64, r-oldrel-windows-ix86+x86_64
Version: 1.0
Check: R code for possible problems
Result: NOTE
lc_TDT: no visible global function definition for 'pchisq'
rvTDT: no visible global function definition for 'dbeta'
Undefined global functions or variables:
dbeta pchisq
Consider adding
importFrom("stats", "dbeta", "pchisq")
to your NAMESPACE file.
Flavors: r-devel-linux-x86_64-debian-clang, r-devel-linux-x86_64-debian-gcc, r-devel-linux-x86_64-fedora-clang, r-devel-linux-x86_64-fedora-gcc, r-patched-linux-x86_64, r-release-linux-x86_64, r-release-macos-arm64, r-release-macos-x86_64, r-release-windows-x86_64, r-oldrel-macos-arm64, r-oldrel-macos-x86_64, r-oldrel-windows-ix86+x86_64