Last updated on 2022-04-24 03:52:37 CEST.
Flavor | Version | Tinstall | Tcheck | Ttotal | Status | Flags |
---|---|---|---|---|---|---|
r-devel-linux-x86_64-debian-clang | 0.6.1.1.3 | 164.71 | 86.42 | 251.13 | OK | |
r-devel-linux-x86_64-debian-gcc | 0.6.1.1.3 | 135.38 | 65.72 | 201.10 | OK | |
r-devel-linux-x86_64-fedora-clang | 0.6.1.1.3 | 330.75 | NOTE | |||
r-devel-linux-x86_64-fedora-gcc | 0.6.1.1.3 | 329.68 | OK | |||
r-patched-linux-x86_64 | 0.6.1.1.3 | 138.04 | 84.33 | 222.37 | OK | |
r-release-linux-x86_64 | 0.6.1.1.3 | 137.05 | 82.07 | 219.12 | OK | |
r-release-macos-arm64 | 0.6.1.1.3 | NOTE | ||||
r-release-macos-x86_64 | 0.6.1.1.3 | NOTE | ||||
r-release-windows-x86_64 | 0.6.1.1.3 | 284.00 | 139.00 | 423.00 | NOTE | |
r-oldrel-macos-arm64 | 0.6.1.1.3 | NOTE | ||||
r-oldrel-macos-x86_64 | 0.6.1.1.3 | NOTE | ||||
r-oldrel-windows-ix86+x86_64 | 0.6.1.1.3 | 307.00 | 171.00 | 478.00 | NOTE |
Version: 0.6.1.1.3
Check: installed package size
Result: NOTE
installed size is 52.5Mb
sub-directories of 1Mb or more:
include 5.0Mb
libs 47.1Mb
Flavors: r-devel-linux-x86_64-fedora-clang, r-release-macos-arm64, r-release-macos-x86_64, r-release-windows-x86_64, r-oldrel-macos-arm64, r-oldrel-macos-x86_64, r-oldrel-windows-ix86+x86_64
Version: 0.6.1.1.3
Check: Rd cross-references
Result: NOTE
Undeclared package ‘wdm’ in Rd xrefs
Flavor: r-devel-linux-x86_64-fedora-clang