Last updated on 2022-04-24 03:52:37 CEST.
Flavor | Version | Tinstall | Tcheck | Ttotal | Status | Flags |
---|---|---|---|---|---|---|
r-devel-linux-x86_64-debian-clang | 0.2.4 | 4.48 | 53.99 | 58.47 | OK | |
r-devel-linux-x86_64-debian-gcc | 0.2.4 | 3.41 | 40.77 | 44.18 | OK | |
r-devel-linux-x86_64-fedora-clang | 0.2.4 | 69.71 | NOTE | |||
r-devel-linux-x86_64-fedora-gcc | 0.2.4 | 62.14 | NOTE | |||
r-patched-linux-x86_64 | 0.2.4 | 3.88 | 51.58 | 55.46 | OK | |
r-release-linux-x86_64 | 0.2.4 | 3.62 | 48.88 | 52.50 | OK | |
r-release-macos-arm64 | 0.2.4 | NOTE | ||||
r-release-macos-x86_64 | 0.2.4 | NOTE | ||||
r-release-windows-x86_64 | 0.2.4 | 16.00 | 72.00 | 88.00 | OK | |
r-oldrel-macos-arm64 | 0.2.4 | NOTE | ||||
r-oldrel-macos-x86_64 | 0.2.4 | NOTE | ||||
r-oldrel-windows-ix86+x86_64 | 0.2.4 | 10.00 | 59.00 | 69.00 | OK |
Version: 0.2.4
Check: data for non-ASCII characters
Result: NOTE
Note: found 4250 marked UTF-8 strings
Flavors: r-devel-linux-x86_64-fedora-clang, r-devel-linux-x86_64-fedora-gcc, r-release-macos-arm64, r-release-macos-x86_64, r-oldrel-macos-arm64, r-oldrel-macos-x86_64