Last updated on 2022-04-24 03:52:37 CEST.
Flavor | Version | Tinstall | Tcheck | Ttotal | Status | Flags |
---|---|---|---|---|---|---|
r-devel-linux-x86_64-debian-clang | 0.1 | 5.71 | 39.47 | 45.18 | OK | |
r-devel-linux-x86_64-debian-gcc | 0.1 | 4.79 | 31.03 | 35.82 | OK | |
r-devel-linux-x86_64-fedora-clang | 0.1 | 55.38 | NOTE | |||
r-devel-linux-x86_64-fedora-gcc | 0.1 | 46.72 | NOTE | |||
r-patched-linux-x86_64 | 0.1 | 5.04 | 38.65 | 43.69 | OK | |
r-release-linux-x86_64 | 0.1 | 5.45 | 38.59 | 44.04 | OK | |
r-release-macos-arm64 | 0.1 | NOTE | ||||
r-release-macos-x86_64 | 0.1 | NOTE | ||||
r-release-windows-x86_64 | 0.1 | 20.00 | 68.00 | 88.00 | OK | |
r-oldrel-macos-arm64 | 0.1 | NOTE | ||||
r-oldrel-macos-x86_64 | 0.1 | NOTE | ||||
r-oldrel-windows-ix86+x86_64 | 0.1 | 10.00 | 36.00 | 46.00 | OK |
Version: 0.1
Check: data for non-ASCII characters
Result: NOTE
Note: found 426306 marked UTF-8 strings
Flavors: r-devel-linux-x86_64-fedora-clang, r-devel-linux-x86_64-fedora-gcc, r-release-macos-arm64, r-release-macos-x86_64, r-oldrel-macos-arm64, r-oldrel-macos-x86_64