Last updated on 2022-04-24 03:52:37 CEST.
Flavor | Version | Tinstall | Tcheck | Ttotal | Status | Flags |
---|---|---|---|---|---|---|
r-devel-linux-x86_64-debian-clang | 0.2.7 | 117.09 | 41.63 | 158.72 | OK | |
r-devel-linux-x86_64-debian-gcc | 0.2.7 | 97.48 | 31.00 | 128.48 | OK | |
r-devel-linux-x86_64-fedora-clang | 0.2.7 | 251.72 | NOTE | |||
r-devel-linux-x86_64-fedora-gcc | 0.2.7 | 207.76 | OK | |||
r-patched-linux-x86_64 | 0.2.7 | 106.65 | 38.13 | 144.78 | OK | |
r-release-linux-x86_64 | 0.2.7 | 103.40 | 37.98 | 141.38 | OK | |
r-release-macos-arm64 | 0.2.7 | NOTE | ||||
r-release-macos-x86_64 | 0.2.7 | NOTE | ||||
r-release-windows-x86_64 | 0.2.7 | 205.00 | 85.00 | 290.00 | OK | |
r-oldrel-macos-arm64 | 0.2.7 | NOTE | ||||
r-oldrel-macos-x86_64 | 0.2.7 | NOTE | ||||
r-oldrel-windows-ix86+x86_64 | 0.2.7 | 268.00 | 77.00 | 345.00 | OK |
Version: 0.2.7
Check: installed package size
Result: NOTE
installed size is 7.2Mb
sub-directories of 1Mb or more:
libs 6.8Mb
Flavors: r-devel-linux-x86_64-fedora-clang, r-release-macos-arm64, r-release-macos-x86_64, r-oldrel-macos-arm64, r-oldrel-macos-x86_64