Last updated on 2022-04-24 03:52:37 CEST.
Flavor | Version | Tinstall | Tcheck | Ttotal | Status | Flags |
---|---|---|---|---|---|---|
r-devel-linux-x86_64-debian-clang | 3.6.0 | 10.36 | 89.23 | 99.59 | OK | |
r-devel-linux-x86_64-debian-gcc | 3.6.0 | 7.69 | 64.52 | 72.21 | OK | |
r-devel-linux-x86_64-fedora-clang | 3.6.0 | 117.04 | NOTE | |||
r-devel-linux-x86_64-fedora-gcc | 3.6.0 | 108.97 | OK | |||
r-patched-linux-x86_64 | 3.6.0 | 11.60 | 82.19 | 93.79 | OK | |
r-release-linux-x86_64 | 3.6.0 | 7.75 | 82.32 | 90.07 | OK | |
r-release-macos-arm64 | 3.6.0 | OK | ||||
r-release-macos-x86_64 | 3.6.0 | OK | ||||
r-release-windows-x86_64 | 3.6.0 | 84.00 | 119.00 | 203.00 | OK | |
r-oldrel-macos-arm64 | 3.6.0 | OK | ||||
r-oldrel-macos-x86_64 | 3.6.0 | OK | ||||
r-oldrel-windows-ix86+x86_64 | 3.6.0 | 20.00 | 98.00 | 118.00 | OK |
Version: 3.6.0
Check: Rd cross-references
Result: NOTE
Undeclared package ‘rym’ in Rd xrefs
Flavor: r-devel-linux-x86_64-fedora-clang