Last updated on 2022-04-24 03:52:37 CEST.
Flavor | Version | Tinstall | Tcheck | Ttotal | Status | Flags |
---|---|---|---|---|---|---|
r-devel-linux-x86_64-debian-clang | 0.2.1 | 7.01 | 64.46 | 71.47 | OK | |
r-devel-linux-x86_64-debian-gcc | 0.2.1 | 5.28 | 47.62 | 52.90 | OK | |
r-devel-linux-x86_64-fedora-clang | 0.2.1 | 83.84 | NOTE | |||
r-devel-linux-x86_64-fedora-gcc | 0.2.1 | 75.59 | OK | |||
r-patched-linux-x86_64 | 0.2.1 | 6.71 | 60.54 | 67.25 | OK | |
r-release-linux-x86_64 | 0.2.1 | 3.76 | 56.40 | 60.16 | OK | |
r-release-macos-arm64 | 0.2.1 | OK | ||||
r-release-macos-x86_64 | 0.2.1 | OK | ||||
r-release-windows-x86_64 | 0.2.1 | 16.00 | 76.00 | 92.00 | OK | |
r-oldrel-macos-arm64 | 0.2.1 | OK | ||||
r-oldrel-macos-x86_64 | 0.2.1 | OK | ||||
r-oldrel-windows-ix86+x86_64 | 0.2.1 | 15.00 | 69.00 | 84.00 | OK |
Version: 0.2.1
Check: Rd cross-references
Result: NOTE
Undeclared package ‘jsonlite’ in Rd xrefs
Flavor: r-devel-linux-x86_64-fedora-clang