Last updated on 2022-04-24 03:52:37 CEST.
Flavor | Version | Tinstall | Tcheck | Ttotal | Status | Flags |
---|---|---|---|---|---|---|
r-devel-linux-x86_64-debian-clang | 0.9.8 | 4.83 | 31.87 | 36.70 | OK | |
r-devel-linux-x86_64-debian-gcc | 0.9.8 | 3.40 | 24.28 | 27.68 | OK | |
r-devel-linux-x86_64-fedora-clang | 0.9.8 | 47.78 | OK | |||
r-devel-linux-x86_64-fedora-gcc | 0.9.8 | 36.40 | OK | |||
r-patched-linux-x86_64 | 0.9.8 | 4.89 | 30.14 | 35.03 | OK | |
r-release-linux-x86_64 | 0.9.8 | 4.29 | 29.86 | 34.15 | OK | |
r-release-macos-arm64 | 0.9.8 | NOTE | ||||
r-release-macos-x86_64 | 0.9.8 | NOTE | ||||
r-release-windows-x86_64 | 0.9.8 | 24.00 | 69.00 | 93.00 | OK | |
r-oldrel-macos-arm64 | 0.9.8 | NOTE | ||||
r-oldrel-macos-x86_64 | 0.9.8 | NOTE | ||||
r-oldrel-windows-ix86+x86_64 | 0.9.8 | 16.00 | 47.00 | 63.00 | OK |
Version: 0.9.8
Check: installed package size
Result: NOTE
installed size is 13.7Mb
sub-directories of 1Mb or more:
libs 13.5Mb
Flavors: r-release-macos-arm64, r-release-macos-x86_64, r-oldrel-macos-arm64, r-oldrel-macos-x86_64